{"id":9992,"date":"2020-11-24T19:32:22","date_gmt":"2020-11-24T23:32:22","guid":{"rendered":"https:\/\/elsurti.com\/?post_type=caso-plan-terror&#038;p=9992"},"modified":"2022-07-06T12:47:49","modified_gmt":"2022-07-06T16:47:49","slug":"una-campesina-muere-en-medio-de-una-violenta-represion-policial","status":"publish","type":"caso-plan-terror","link":"https:\/\/elsurti.com\/pt\/soberanas\/violencias\/caso-plan-terror\/una-campesina-muere-en-medio-de-una-violenta-represion-policial\/","title":{"rendered":"Una campesina muere en medio de una violenta represi\u00f3n policial"},"content":{"rendered":"<p>La dirigente campesina Regina Marecos muri\u00f3 de un paro card\u00edaco en medio de una violenta represi\u00f3n policial a una marcha campesina en Asunci\u00f3n, poco despu\u00e9s de la ca\u00edda de la dictadura estronista en febrero de 1989. Ella formaba parte de una comisi\u00f3n vecinal de Juan de Mena, Cordillera, que junto a otros pobladores de Cleto Romero, Caaguaz\u00fa, hab\u00edan llegado a la capital para reclamar la expropiaci\u00f3n de 5.000 hect\u00e1reas de un latifundio improductivo de la empresa Uni\u00f3n Paraguaya SA de la familia Gunder, propietaria de 40.000 hect\u00e1reas en la zona.&nbsp;<\/p>\n\n\n\n<p>Tras intensas movilizaciones en la capital, los campesinos consiguieron que el Congreso apruebe la expropiaci\u00f3n de las tierras en septiembre de 1989 y la promulgaci\u00f3n del Ejecutivo. Pero el conflicto reci\u00e9n se resolvi\u00f3 a favor de los campesinos en 1993.<\/p>\n\n\n\n<p>Las tierras conquistadas en Juan de Mena llevan el nombre de Colonia Regina Marecos.<\/p>","protected":false},"excerpt":{"rendered":"<p>Regina Marecos muri\u00f3 de un paro card\u00edaco en medio de una violenta represi\u00f3n policial a una manifestaci\u00f3n campesina que intentaba llegar al Congreso para reclamar tierras.<\/p>","protected":false},"author":1,"featured_media":10055,"template":"","tags":[],"fenomeno":[49],"tema":[50],"acf":[],"_links":{"self":[{"href":"https:\/\/elsurti.com\/pt\/wp-json\/wp\/v2\/caso-plan-terror\/9992"}],"collection":[{"href":"https:\/\/elsurti.com\/pt\/wp-json\/wp\/v2\/caso-plan-terror"}],"about":[{"href":"https:\/\/elsurti.com\/pt\/wp-json\/wp\/v2\/types\/caso-plan-terror"}],"author":[{"embeddable":true,"href":"https:\/\/elsurti.com\/pt\/wp-json\/wp\/v2\/users\/1"}],"version-history":[{"count":3,"href":"https:\/\/elsurti.com\/pt\/wp-json\/wp\/v2\/caso-plan-terror\/9992\/revisions"}],"predecessor-version":[{"id":9995,"href":"https:\/\/elsurti.com\/pt\/wp-json\/wp\/v2\/caso-plan-terror\/9992\/revisions\/9995"}],"wp:featuredmedia":[{"embeddable":true,"href":"https:\/\/elsurti.com\/pt\/wp-json\/wp\/v2\/media\/10055"}],"wp:attachment":[{"href":"https:\/\/elsurti.com\/pt\/wp-json\/wp\/v2\/media?parent=9992"}],"wp:term":[{"taxonomy":"post_tag","embeddable":true,"href":"https:\/\/elsurti.com\/pt\/wp-json\/wp\/v2\/tags?post=9992"},{"taxonomy":"fenomeno","embeddable":true,"href":"https:\/\/elsurti.com\/pt\/wp-json\/wp\/v2\/fenomeno?post=9992"},{"taxonomy":"tema","embeddable":true,"href":"https:\/\/elsurti.com\/pt\/wp-json\/wp\/v2\/tema?post=9992"}],"curies":[{"name":"wp","href":"https:\/\/api.w.org\/{rel}","templated":true}]}}

Una campesina muere en medio de una violenta represión policial

<p>La dirigente campesina Regina Marecos murió de un paro cardíaco en medio de una violenta represión policial a una marcha campesina en Asunción, poco después de la caída de la dictadura estronista en febrero de 1989. Ella formaba parte de una comisión vecinal de Juan de Mena, Cordillera, que junto a otros pobladores de Cleto Romero, Caaguazú, habían llegado a la capital para reclamar la expropiación de 5.000 hectáreas de un latifundio improductivo de la empresa Unión Paraguaya SA de la familia Gunder, propietaria de 40.000 hectáreas en la zona.&nbsp;</p>



<p>Tras intensas movilizaciones en la capital, los campesinos consiguieron que el Congreso apruebe la expropiación de las tierras en septiembre de 1989 y la promulgación del Ejecutivo. Pero el conflicto recién se resolvió a favor de los campesinos en 1993.</p>



<p>Las tierras conquistadas en Juan de Mena llevan el nombre de Colonia Regina Marecos.</p>

<p>Regina Marecos murió de un paro cardíaco en medio de una violenta represión policial a una manifestación campesina que intentaba llegar al Congreso para reclamar tierras.</p>
