{"id":4118,"date":"2020-04-27T14:42:18","date_gmt":"2020-04-27T18:42:18","guid":{"rendered":"https:\/\/elsurti.com\/?post_type=scroll&#038;p=4118"},"modified":"2020-08-24T14:29:23","modified_gmt":"2020-08-24T18:29:23","slug":"violencia-domestica-en-aumento-durante-cuarentena","status":"publish","type":"scroll","link":"https:\/\/elsurti.com\/pt\/coronavirus\/scroll\/2020\/07\/27\/violencia-domestica-en-aumento-durante-cuarentena\/","title":{"rendered":"Violencia dom\u00e9stica en aumento durante cuarentena"},"content":{"rendered":"<div class=\"wp-block-group\"><div class=\"wp-block-group__inner-container is-layout-flow wp-block-group-is-layout-flow\">\n<div class=\"wp-block-group scroll-screen\"><div class=\"wp-block-group__inner-container is-layout-flow wp-block-group-is-layout-flow\">\n<p class=\"has-text-align-center\">Este n\u00famero supera a las denuncias de todo marzo de 2019, cuando registraron 59 casos diarios en promedio.<\/p>\n<\/div><\/div>\n<\/div><\/div>\n\n\n\n<div class=\"wp-block-group\"><div class=\"wp-block-group__inner-container is-layout-flow wp-block-group-is-layout-flow\">\n<div class=\"wp-block-group scroll-screen\"><div class=\"wp-block-group__inner-container is-layout-flow wp-block-group-is-layout-flow\">\n<p class=\"has-text-align-center\">Tambi\u00e9n la l\u00ednea 137 SOS del Ministerio de la Mujer recibi\u00f3 m\u00e1s llamadas desde el inicio de la cuarentena, con un total de 232 pedidos de auxilio y denuncias.<\/p>\n<\/div><\/div>\n<\/div><\/div>\n\n\n\n<div class=\"wp-block-group\"><div class=\"wp-block-group__inner-container is-layout-flow wp-block-group-is-layout-flow\">\n<div class=\"wp-block-group scroll-screen\"><div class=\"wp-block-group__inner-container is-layout-flow wp-block-group-is-layout-flow\">\n<figure class=\"wp-block-image size-large\"><img fetchpriority=\"high\" decoding=\"async\" width=\"1024\" height=\"1024\" src=\"https:\/\/elsurti.com\/wp-content\/uploads\/2020\/07\/612_covidyviolencia5-1024x1024.jpg\" alt=\"\" class=\"wp-image-4122\" srcset=\"https:\/\/elsurti.com\/wp-content\/uploads\/2020\/07\/612_covidyviolencia5-1024x1024.jpg 1024w, https:\/\/elsurti.com\/wp-content\/uploads\/2020\/07\/612_covidyviolencia5-300x300.jpg 300w, https:\/\/elsurti.com\/wp-content\/uploads\/2020\/07\/612_covidyviolencia5-200x200.jpg 200w, https:\/\/elsurti.com\/wp-content\/uploads\/2020\/07\/612_covidyviolencia5-768x768.jpg 768w, https:\/\/elsurti.com\/wp-content\/uploads\/2020\/07\/612_covidyviolencia5-150x150.jpg 150w, https:\/\/elsurti.com\/wp-content\/uploads\/2020\/07\/612_covidyviolencia5.jpg 1417w\" sizes=\"(max-width: 1024px) 100vw, 1024px\" \/><\/figure>\n<\/div><\/div>\n<\/div><\/div>\n\n\n\n<div class=\"wp-block-group\"><div class=\"wp-block-group__inner-container is-layout-flow wp-block-group-is-layout-flow\">\n<div class=\"wp-block-group scroll-screen\"><div class=\"wp-block-group__inner-container is-layout-flow wp-block-group-is-layout-flow\">\n<p class=\"has-text-align-center\">Mujeres y ni\u00f1as corren mayor riesgo de ser violentadas en contextos de emergencia.\u00a0<\/p>\n<\/div><\/div>\n<\/div><\/div>\n\n\n\n<div class=\"wp-block-group\"><div class=\"wp-block-group__inner-container is-layout-flow wp-block-group-is-layout-flow\">\n<div class=\"wp-block-group\"><div class=\"wp-block-group__inner-container is-layout-flow wp-block-group-is-layout-flow\">\n<div class=\"wp-block-group scroll-screen\"><div class=\"wp-block-group__inner-container is-layout-flow wp-block-group-is-layout-flow\">\n<p class=\"has-text-align-center\">La cuarentena por coronavirus obliga a estar en casa aumentando las tensiones en el hogar.<\/p>\n<\/div><\/div>\n<\/div><\/div>\n<\/div><\/div>\n\n\n\n<div class=\"wp-block-group\"><div class=\"wp-block-group__inner-container is-layout-flow wp-block-group-is-layout-flow\">\n<div class=\"wp-block-group scroll-screen\"><div class=\"wp-block-group__inner-container is-layout-flow wp-block-group-is-layout-flow\">\n<figure class=\"wp-block-image size-large\"><img decoding=\"async\" width=\"1024\" height=\"1024\" src=\"https:\/\/elsurti.com\/wp-content\/uploads\/2020\/07\/612_covidyviolencia6-1024x1024.jpg\" alt=\"\" class=\"wp-image-4123\" srcset=\"https:\/\/elsurti.com\/wp-content\/uploads\/2020\/07\/612_covidyviolencia6-1024x1024.jpg 1024w, https:\/\/elsurti.com\/wp-content\/uploads\/2020\/07\/612_covidyviolencia6-300x300.jpg 300w, https:\/\/elsurti.com\/wp-content\/uploads\/2020\/07\/612_covidyviolencia6-200x200.jpg 200w, https:\/\/elsurti.com\/wp-content\/uploads\/2020\/07\/612_covidyviolencia6-768x768.jpg 768w, https:\/\/elsurti.com\/wp-content\/uploads\/2020\/07\/612_covidyviolencia6-150x150.jpg 150w, https:\/\/elsurti.com\/wp-content\/uploads\/2020\/07\/612_covidyviolencia6.jpg 1417w\" sizes=\"(max-width: 1024px) 100vw, 1024px\" \/><\/figure>\n<\/div><\/div>\n<\/div><\/div>\n\n\n\n<div class=\"wp-block-group\"><div class=\"wp-block-group__inner-container is-layout-flow wp-block-group-is-layout-flow\">\n<div class=\"wp-block-group scroll-screen\"><div class=\"wp-block-group__inner-container is-layout-flow wp-block-group-is-layout-flow\">\n<p class=\"has-text-align-center\">Tambi\u00e9n aumenta el riesgo de violencia sexual contra ellas. En el caso de las ni\u00f1as y ni\u00f1os, casi el 90% de los hechos de abuso sexual ocurre en el entorno familiar.<\/p>\n<\/div><\/div>\n<\/div><\/div>\n\n\n\n<div class=\"wp-block-group\"><div class=\"wp-block-group__inner-container is-layout-flow wp-block-group-is-layout-flow\">\n<div class=\"wp-block-group scroll-screen\"><div class=\"wp-block-group__inner-container is-layout-flow wp-block-group-is-layout-flow\">\n<figure class=\"wp-block-image size-large\"><img decoding=\"async\" width=\"1024\" height=\"1024\" src=\"https:\/\/elsurti.com\/wp-content\/uploads\/2020\/07\/612_covidyviolencia7-1024x1024.jpg\" alt=\"\" class=\"wp-image-4124\" srcset=\"https:\/\/elsurti.com\/wp-content\/uploads\/2020\/07\/612_covidyviolencia7-1024x1024.jpg 1024w, https:\/\/elsurti.com\/wp-content\/uploads\/2020\/07\/612_covidyviolencia7-300x300.jpg 300w, https:\/\/elsurti.com\/wp-content\/uploads\/2020\/07\/612_covidyviolencia7-200x200.jpg 200w, https:\/\/elsurti.com\/wp-content\/uploads\/2020\/07\/612_covidyviolencia7-768x768.jpg 768w, https:\/\/elsurti.com\/wp-content\/uploads\/2020\/07\/612_covidyviolencia7-150x150.jpg 150w, https:\/\/elsurti.com\/wp-content\/uploads\/2020\/07\/612_covidyviolencia7.jpg 1417w\" sizes=\"(max-width: 1024px) 100vw, 1024px\" \/><\/figure>\n<\/div><\/div>\n<\/div><\/div>\n\n\n\n<div class=\"wp-block-group\"><div class=\"wp-block-group__inner-container is-layout-flow wp-block-group-is-layout-flow\">\n<div class=\"wp-block-group scroll-screen\"><div class=\"wp-block-group__inner-container is-layout-flow wp-block-group-is-layout-flow\">\n<h2 class=\"has-text-align-center wp-block-heading\"><strong>Si necesit\u00e1s ayuda, llam\u00e1 al 137.<\/strong><\/h2>\n<\/div><\/div>\n<\/div><\/div>\n\n\n\n<div class=\"wp-block-group\"><div class=\"wp-block-group__inner-container is-layout-flow wp-block-group-is-layout-flow\">\n<div class=\"wp-block-group scroll-screen\"><div class=\"wp-block-group__inner-container is-layout-flow wp-block-group-is-layout-flow\"><\/div><\/div>\n<\/div><\/div>","protected":false},"excerpt":{"rendered":"<p>La Fiscal\u00eda inform\u00f3 que recibe 80 denuncias por d\u00eda s\u00f3lo en marzo de 2020. <\/p>","protected":false},"author":4,"featured_media":4119,"template":"","tags":[],"fenomeno":[21,49],"tema":[50],"acf":[],"_links":{"self":[{"href":"https:\/\/elsurti.com\/pt\/wp-json\/wp\/v2\/scroll\/4118"}],"collection":[{"href":"https:\/\/elsurti.com\/pt\/wp-json\/wp\/v2\/scroll"}],"about":[{"href":"https:\/\/elsurti.com\/pt\/wp-json\/wp\/v2\/types\/scroll"}],"author":[{"embeddable":true,"href":"https:\/\/elsurti.com\/pt\/wp-json\/wp\/v2\/users\/4"}],"version-history":[{"count":7,"href":"https:\/\/elsurti.com\/pt\/wp-json\/wp\/v2\/scroll\/4118\/revisions"}],"predecessor-version":[{"id":4131,"href":"https:\/\/elsurti.com\/pt\/wp-json\/wp\/v2\/scroll\/4118\/revisions\/4131"}],"wp:featuredmedia":[{"embeddable":true,"href":"https:\/\/elsurti.com\/pt\/wp-json\/wp\/v2\/media\/4119"}],"wp:attachment":[{"href":"https:\/\/elsurti.com\/pt\/wp-json\/wp\/v2\/media?parent=4118"}],"wp:term":[{"taxonomy":"post_tag","embeddable":true,"href":"https:\/\/elsurti.com\/pt\/wp-json\/wp\/v2\/tags?post=4118"},{"taxonomy":"fenomeno","embeddable":true,"href":"https:\/\/elsurti.com\/pt\/wp-json\/wp\/v2\/fenomeno?post=4118"},{"taxonomy":"tema","embeddable":true,"href":"https:\/\/elsurti.com\/pt\/wp-json\/wp\/v2\/tema?post=4118"}],"curies":[{"name":"wp","href":"https:\/\/api.w.org\/{rel}","templated":true}]}}

Violencia doméstica en aumento durante cuarentena

<div class="wp-block-group"><div class="wp-block-group__inner-container is-layout-flow wp-block-group-is-layout-flow">
<div class="wp-block-group scroll-screen"><div class="wp-block-group__inner-container is-layout-flow wp-block-group-is-layout-flow">
<p class="has-text-align-center">Este número supera a las denuncias de todo marzo de 2019, cuando registraron 59 casos diarios en promedio.</p>
</div></div>
</div></div>



<div class="wp-block-group"><div class="wp-block-group__inner-container is-layout-flow wp-block-group-is-layout-flow">
<div class="wp-block-group scroll-screen"><div class="wp-block-group__inner-container is-layout-flow wp-block-group-is-layout-flow">
<p class="has-text-align-center">También la línea 137 SOS del Ministerio de la Mujer recibió más llamadas desde el inicio de la cuarentena, con un total de 232 pedidos de auxilio y denuncias.</p>
</div></div>
</div></div>



<div class="wp-block-group"><div class="wp-block-group__inner-container is-layout-flow wp-block-group-is-layout-flow">
<div class="wp-block-group scroll-screen"><div class="wp-block-group__inner-container is-layout-flow wp-block-group-is-layout-flow">
<figure class="wp-block-image size-large"><img fetchpriority="high" decoding="async" width="1024" height="1024" src="https://elsurti.com/wp-content/uploads/2020/07/612_covidyviolencia5-1024x1024.jpg" alt="" class="wp-image-4122" srcset="https://elsurti.com/wp-content/uploads/2020/07/612_covidyviolencia5-1024x1024.jpg 1024w, https://elsurti.com/wp-content/uploads/2020/07/612_covidyviolencia5-300x300.jpg 300w, https://elsurti.com/wp-content/uploads/2020/07/612_covidyviolencia5-200x200.jpg 200w, https://elsurti.com/wp-content/uploads/2020/07/612_covidyviolencia5-768x768.jpg 768w, https://elsurti.com/wp-content/uploads/2020/07/612_covidyviolencia5-150x150.jpg 150w, https://elsurti.com/wp-content/uploads/2020/07/612_covidyviolencia5.jpg 1417w" sizes="(max-width: 1024px) 100vw, 1024px" /></figure>
</div></div>
</div></div>



<div class="wp-block-group"><div class="wp-block-group__inner-container is-layout-flow wp-block-group-is-layout-flow">
<div class="wp-block-group scroll-screen"><div class="wp-block-group__inner-container is-layout-flow wp-block-group-is-layout-flow">
<p class="has-text-align-center">Mujeres y niñas corren mayor riesgo de ser violentadas en contextos de emergencia. </p>
</div></div>
</div></div>



<div class="wp-block-group"><div class="wp-block-group__inner-container is-layout-flow wp-block-group-is-layout-flow">
<div class="wp-block-group"><div class="wp-block-group__inner-container is-layout-flow wp-block-group-is-layout-flow">
<div class="wp-block-group scroll-screen"><div class="wp-block-group__inner-container is-layout-flow wp-block-group-is-layout-flow">
<p class="has-text-align-center">La cuarentena por coronavirus obliga a estar en casa aumentando las tensiones en el hogar.</p>
</div></div>
</div></div>
</div></div>



<div class="wp-block-group"><div class="wp-block-group__inner-container is-layout-flow wp-block-group-is-layout-flow">
<div class="wp-block-group scroll-screen"><div class="wp-block-group__inner-container is-layout-flow wp-block-group-is-layout-flow">
<figure class="wp-block-image size-large"><img decoding="async" width="1024" height="1024" src="https://elsurti.com/wp-content/uploads/2020/07/612_covidyviolencia6-1024x1024.jpg" alt="" class="wp-image-4123" srcset="https://elsurti.com/wp-content/uploads/2020/07/612_covidyviolencia6-1024x1024.jpg 1024w, https://elsurti.com/wp-content/uploads/2020/07/612_covidyviolencia6-300x300.jpg 300w, https://elsurti.com/wp-content/uploads/2020/07/612_covidyviolencia6-200x200.jpg 200w, https://elsurti.com/wp-content/uploads/2020/07/612_covidyviolencia6-768x768.jpg 768w, https://elsurti.com/wp-content/uploads/2020/07/612_covidyviolencia6-150x150.jpg 150w, https://elsurti.com/wp-content/uploads/2020/07/612_covidyviolencia6.jpg 1417w" sizes="(max-width: 1024px) 100vw, 1024px" /></figure>
</div></div>
</div></div>



<div class="wp-block-group"><div class="wp-block-group__inner-container is-layout-flow wp-block-group-is-layout-flow">
<div class="wp-block-group scroll-screen"><div class="wp-block-group__inner-container is-layout-flow wp-block-group-is-layout-flow">
<p class="has-text-align-center">También aumenta el riesgo de violencia sexual contra ellas. En el caso de las niñas y niños, casi el 90% de los hechos de abuso sexual ocurre en el entorno familiar.</p>
</div></div>
</div></div>



<div class="wp-block-group"><div class="wp-block-group__inner-container is-layout-flow wp-block-group-is-layout-flow">
<div class="wp-block-group scroll-screen"><div class="wp-block-group__inner-container is-layout-flow wp-block-group-is-layout-flow">
<figure class="wp-block-image size-large"><img decoding="async" width="1024" height="1024" src="https://elsurti.com/wp-content/uploads/2020/07/612_covidyviolencia7-1024x1024.jpg" alt="" class="wp-image-4124" srcset="https://elsurti.com/wp-content/uploads/2020/07/612_covidyviolencia7-1024x1024.jpg 1024w, https://elsurti.com/wp-content/uploads/2020/07/612_covidyviolencia7-300x300.jpg 300w, https://elsurti.com/wp-content/uploads/2020/07/612_covidyviolencia7-200x200.jpg 200w, https://elsurti.com/wp-content/uploads/2020/07/612_covidyviolencia7-768x768.jpg 768w, https://elsurti.com/wp-content/uploads/2020/07/612_covidyviolencia7-150x150.jpg 150w, https://elsurti.com/wp-content/uploads/2020/07/612_covidyviolencia7.jpg 1417w" sizes="(max-width: 1024px) 100vw, 1024px" /></figure>
</div></div>
</div></div>



<div class="wp-block-group"><div class="wp-block-group__inner-container is-layout-flow wp-block-group-is-layout-flow">
<div class="wp-block-group scroll-screen"><div class="wp-block-group__inner-container is-layout-flow wp-block-group-is-layout-flow">
<h2 class="has-text-align-center wp-block-heading"><strong>Si necesitás ayuda, llamá al 137.</strong></h2>
</div></div>
</div></div>



<div class="wp-block-group"><div class="wp-block-group__inner-container is-layout-flow wp-block-group-is-layout-flow">
<div class="wp-block-group scroll-screen"><div class="wp-block-group__inner-container is-layout-flow wp-block-group-is-layout-flow"></div></div>
</div></div>

<p>La Fiscalía informó que recibe 80 denuncias por día sólo en marzo de 2020. </p>
