{"id":4317,"date":"2019-08-06T18:57:51","date_gmt":"2019-08-06T22:57:51","guid":{"rendered":"https:\/\/elsurti.com\/?post_type=scroll&#038;p=4317"},"modified":"2022-08-02T17:50:38","modified_gmt":"2022-08-02T21:50:38","slug":"5-beneficios-de-amamantar-a-tu-bebe","status":"publish","type":"scroll","link":"https:\/\/elsurti.com\/pt\/soberanas\/scroll\/2020\/07\/29\/5-beneficios-de-amamantar-a-tu-bebe\/","title":{"rendered":"5 beneficios de amamantar a tu beb\u00e9"},"content":{"rendered":"<div class=\"wp-block-group\"><div class=\"wp-block-group__inner-container is-layout-flow wp-block-group-is-layout-flow\">\n<div class=\"wp-block-group scroll-screen\"><div class=\"wp-block-group__inner-container is-layout-flow wp-block-group-is-layout-flow\">\n<figure class=\"wp-block-image size-large\"><img fetchpriority=\"high\" decoding=\"async\" width=\"850\" height=\"850\" src=\"https:\/\/elsurti.com\/wp-content\/uploads\/2020\/07\/431-lactancia-beneficios4.jpg\" alt=\"\" class=\"wp-image-4321\" srcset=\"https:\/\/elsurti.com\/wp-content\/uploads\/2020\/07\/431-lactancia-beneficios4.jpg 850w, https:\/\/elsurti.com\/wp-content\/uploads\/2020\/07\/431-lactancia-beneficios4-300x300.jpg 300w, https:\/\/elsurti.com\/wp-content\/uploads\/2020\/07\/431-lactancia-beneficios4-200x200.jpg 200w, https:\/\/elsurti.com\/wp-content\/uploads\/2020\/07\/431-lactancia-beneficios4-768x768.jpg 768w, https:\/\/elsurti.com\/wp-content\/uploads\/2020\/07\/431-lactancia-beneficios4-150x150.jpg 150w\" sizes=\"(max-width: 850px) 100vw, 850px\" \/><\/figure>\n<\/div><\/div>\n<\/div><\/div>\n\n\n\n<div class=\"wp-block-group scroll-screen\"><div class=\"wp-block-group__inner-container is-layout-flow wp-block-group-is-layout-flow\">\n<h3 class=\"has-text-align-center wp-block-heading\">El mejor alimento&nbsp;<\/h3>\n\n\n\n<p class=\"has-text-align-center\">La leche materna es suficiente para el beb\u00e9 durante los 6 primeros meses de vida (lactancia exclusiva). Despu\u00e9s de ese periodo, el beb\u00e9 debe seguir mamando hasta los 2 a\u00f1os y m\u00e1s, adem\u00e1s de consumir otros alimentos.<\/p>\n<\/div><\/div>\n\n\n\n<div class=\"wp-block-group\"><div class=\"wp-block-group__inner-container is-layout-flow wp-block-group-is-layout-flow\">\n<div class=\"wp-block-group scroll-screen\"><div class=\"wp-block-group__inner-container is-layout-flow wp-block-group-is-layout-flow\">\n<figure class=\"wp-block-image size-large\"><img decoding=\"async\" width=\"850\" height=\"850\" src=\"https:\/\/elsurti.com\/wp-content\/uploads\/2020\/07\/431-lactancia-beneficios5.jpg\" alt=\"\" class=\"wp-image-4322\" srcset=\"https:\/\/elsurti.com\/wp-content\/uploads\/2020\/07\/431-lactancia-beneficios5.jpg 850w, https:\/\/elsurti.com\/wp-content\/uploads\/2020\/07\/431-lactancia-beneficios5-300x300.jpg 300w, https:\/\/elsurti.com\/wp-content\/uploads\/2020\/07\/431-lactancia-beneficios5-200x200.jpg 200w, https:\/\/elsurti.com\/wp-content\/uploads\/2020\/07\/431-lactancia-beneficios5-768x768.jpg 768w, https:\/\/elsurti.com\/wp-content\/uploads\/2020\/07\/431-lactancia-beneficios5-150x150.jpg 150w\" sizes=\"(max-width: 850px) 100vw, 850px\" \/><\/figure>\n<\/div><\/div>\n<\/div><\/div>\n\n\n\n<div class=\"wp-block-group\"><div class=\"wp-block-group__inner-container is-layout-flow wp-block-group-is-layout-flow\">\n<div class=\"wp-block-group scroll-screen\"><div class=\"wp-block-group__inner-container is-layout-flow wp-block-group-is-layout-flow\">\n<h3 class=\"has-text-align-center wp-block-heading\">S\u00faper defensas para tu beb\u00e9<\/h3>\n\n\n\n<p class=\"has-text-align-center\">La ni\u00f1a o ni\u00f1o que mama est\u00e1 m\u00e1s protegido contra enfermedades. A trav\u00e9s de la leche materna, la madre le pasa los anticuerpos que desarroll\u00f3 a lo largo de su vida.&nbsp;<\/p>\n<\/div><\/div>\n<\/div><\/div>\n\n\n\n<div class=\"wp-block-group\"><div class=\"wp-block-group__inner-container is-layout-flow wp-block-group-is-layout-flow\">\n<div class=\"wp-block-group scroll-screen\"><div class=\"wp-block-group__inner-container is-layout-flow wp-block-group-is-layout-flow\">\n<figure class=\"wp-block-image size-large\"><img decoding=\"async\" width=\"850\" height=\"850\" src=\"https:\/\/elsurti.com\/wp-content\/uploads\/2020\/07\/431-lactancia-beneficios6.jpg\" alt=\"\" class=\"wp-image-4323\" srcset=\"https:\/\/elsurti.com\/wp-content\/uploads\/2020\/07\/431-lactancia-beneficios6.jpg 850w, https:\/\/elsurti.com\/wp-content\/uploads\/2020\/07\/431-lactancia-beneficios6-300x300.jpg 300w, https:\/\/elsurti.com\/wp-content\/uploads\/2020\/07\/431-lactancia-beneficios6-200x200.jpg 200w, https:\/\/elsurti.com\/wp-content\/uploads\/2020\/07\/431-lactancia-beneficios6-768x768.jpg 768w, https:\/\/elsurti.com\/wp-content\/uploads\/2020\/07\/431-lactancia-beneficios6-150x150.jpg 150w\" sizes=\"(max-width: 850px) 100vw, 850px\" \/><\/figure>\n<\/div><\/div>\n<\/div><\/div>\n\n\n\n<div class=\"wp-block-group\"><div class=\"wp-block-group__inner-container is-layout-flow wp-block-group-is-layout-flow\">\n<div class=\"wp-block-group scroll-screen\"><div class=\"wp-block-group__inner-container is-layout-flow wp-block-group-is-layout-flow\">\n<h3 class=\"has-text-align-center wp-block-heading\">Reduce la mortalidad infantil&nbsp;<\/h3>\n\n\n\n<p class=\"has-text-align-center\">Seg\u00fan la OMS, la lactancia materna exclusiva reduce la mortalidad del lactante por enfermedades como diarrea o neumon\u00eda y ayuda a una recuperaci\u00f3n m\u00e1s r\u00e1pida.<\/p>\n<\/div><\/div>\n<\/div><\/div>\n\n\n\n<div class=\"wp-block-group\"><div class=\"wp-block-group__inner-container is-layout-flow wp-block-group-is-layout-flow\">\n<div class=\"wp-block-group scroll-screen\"><div class=\"wp-block-group__inner-container is-layout-flow wp-block-group-is-layout-flow\">\n<figure class=\"wp-block-image size-large\"><img loading=\"lazy\" decoding=\"async\" width=\"850\" height=\"850\" src=\"https:\/\/elsurti.com\/wp-content\/uploads\/2020\/07\/431-lactancia-beneficios7.jpg\" alt=\"\" class=\"wp-image-4325\" srcset=\"https:\/\/elsurti.com\/wp-content\/uploads\/2020\/07\/431-lactancia-beneficios7.jpg 850w, https:\/\/elsurti.com\/wp-content\/uploads\/2020\/07\/431-lactancia-beneficios7-300x300.jpg 300w, https:\/\/elsurti.com\/wp-content\/uploads\/2020\/07\/431-lactancia-beneficios7-200x200.jpg 200w, https:\/\/elsurti.com\/wp-content\/uploads\/2020\/07\/431-lactancia-beneficios7-768x768.jpg 768w, https:\/\/elsurti.com\/wp-content\/uploads\/2020\/07\/431-lactancia-beneficios7-150x150.jpg 150w\" sizes=\"(max-width: 850px) 100vw, 850px\" \/><\/figure>\n<\/div><\/div>\n<\/div><\/div>\n\n\n\n<div class=\"wp-block-group\"><div class=\"wp-block-group__inner-container is-layout-flow wp-block-group-is-layout-flow\">\n<div class=\"wp-block-group scroll-screen\"><div class=\"wp-block-group__inner-container is-layout-flow wp-block-group-is-layout-flow\">\n<h3 class=\"has-text-align-center wp-block-heading\">Mamis m\u00e1s sanas&nbsp;<\/h3>\n\n\n\n<p class=\"has-text-align-center\">Amamantar redunda en beneficios para la salud y el bienestar de la mujer. Reduce el riesgo de desarrollar c\u00e1ncer de ovario y de mama.<\/p>\n<\/div><\/div>\n<\/div><\/div>\n\n\n\n<div class=\"wp-block-group\"><div class=\"wp-block-group__inner-container is-layout-flow wp-block-group-is-layout-flow\">\n<div class=\"wp-block-group scroll-screen\"><div class=\"wp-block-group__inner-container is-layout-flow wp-block-group-is-layout-flow\">\n<figure class=\"wp-block-image size-large\"><img loading=\"lazy\" decoding=\"async\" width=\"850\" height=\"850\" src=\"https:\/\/elsurti.com\/wp-content\/uploads\/2020\/07\/431-lactancia-beneficios8.jpg\" alt=\"\" class=\"wp-image-4326\" srcset=\"https:\/\/elsurti.com\/wp-content\/uploads\/2020\/07\/431-lactancia-beneficios8.jpg 850w, https:\/\/elsurti.com\/wp-content\/uploads\/2020\/07\/431-lactancia-beneficios8-300x300.jpg 300w, https:\/\/elsurti.com\/wp-content\/uploads\/2020\/07\/431-lactancia-beneficios8-200x200.jpg 200w, https:\/\/elsurti.com\/wp-content\/uploads\/2020\/07\/431-lactancia-beneficios8-768x768.jpg 768w, https:\/\/elsurti.com\/wp-content\/uploads\/2020\/07\/431-lactancia-beneficios8-150x150.jpg 150w\" sizes=\"(max-width: 850px) 100vw, 850px\" \/><\/figure>\n<\/div><\/div>\n<\/div><\/div>\n\n\n\n<div class=\"wp-block-group scroll-screen\"><div class=\"wp-block-group__inner-container is-layout-flow wp-block-group-is-layout-flow\">\n<h3 class=\"has-text-align-center wp-block-heading\">Un v\u00ednculo \u00fanico: el apego&nbsp;<\/h3>\n\n\n\n<p class=\"has-text-align-center\">La lactancia materna fortalece el apego, el v\u00ednculo afectivo entre madre e hijo. Esto hace que el ni\u00f1o sea mucho m\u00e1s seguro psicol\u00f3gica y emocionalmente.&nbsp;<\/p>\n<\/div><\/div>\n\n\n\n<div class=\"wp-block-group\"><div class=\"wp-block-group__inner-container is-layout-flow wp-block-group-is-layout-flow\">\n<div class=\"wp-block-group scroll-screen\"><div class=\"wp-block-group__inner-container is-layout-flow wp-block-group-is-layout-flow\"><\/div><\/div>\n<\/div><\/div>","protected":false},"excerpt":{"rendered":"<p>No solo es alimentaci\u00f3n, defensa y salud del beb\u00e9, a la madres tambi\u00e9n le hace bien.<\/p>","protected":false},"author":5,"featured_media":4318,"template":"","tags":[28],"fenomeno":[49],"tema":[55],"acf":[],"_links":{"self":[{"href":"https:\/\/elsurti.com\/pt\/wp-json\/wp\/v2\/scroll\/4317"}],"collection":[{"href":"https:\/\/elsurti.com\/pt\/wp-json\/wp\/v2\/scroll"}],"about":[{"href":"https:\/\/elsurti.com\/pt\/wp-json\/wp\/v2\/types\/scroll"}],"author":[{"embeddable":true,"href":"https:\/\/elsurti.com\/pt\/wp-json\/wp\/v2\/users\/5"}],"version-history":[{"count":5,"href":"https:\/\/elsurti.com\/pt\/wp-json\/wp\/v2\/scroll\/4317\/revisions"}],"predecessor-version":[{"id":59368,"href":"https:\/\/elsurti.com\/pt\/wp-json\/wp\/v2\/scroll\/4317\/revisions\/59368"}],"wp:featuredmedia":[{"embeddable":true,"href":"https:\/\/elsurti.com\/pt\/wp-json\/wp\/v2\/media\/4318"}],"wp:attachment":[{"href":"https:\/\/elsurti.com\/pt\/wp-json\/wp\/v2\/media?parent=4317"}],"wp:term":[{"taxonomy":"post_tag","embeddable":true,"href":"https:\/\/elsurti.com\/pt\/wp-json\/wp\/v2\/tags?post=4317"},{"taxonomy":"fenomeno","embeddable":true,"href":"https:\/\/elsurti.com\/pt\/wp-json\/wp\/v2\/fenomeno?post=4317"},{"taxonomy":"tema","embeddable":true,"href":"https:\/\/elsurti.com\/pt\/wp-json\/wp\/v2\/tema?post=4317"}],"curies":[{"name":"wp","href":"https:\/\/api.w.org\/{rel}","templated":true}]}}

5 beneficios de amamantar a tu bebé

<div class="wp-block-group"><div class="wp-block-group__inner-container is-layout-flow wp-block-group-is-layout-flow">
<div class="wp-block-group scroll-screen"><div class="wp-block-group__inner-container is-layout-flow wp-block-group-is-layout-flow">
<figure class="wp-block-image size-large"><img fetchpriority="high" decoding="async" width="850" height="850" src="https://elsurti.com/wp-content/uploads/2020/07/431-lactancia-beneficios4.jpg" alt="" class="wp-image-4321" srcset="https://elsurti.com/wp-content/uploads/2020/07/431-lactancia-beneficios4.jpg 850w, https://elsurti.com/wp-content/uploads/2020/07/431-lactancia-beneficios4-300x300.jpg 300w, https://elsurti.com/wp-content/uploads/2020/07/431-lactancia-beneficios4-200x200.jpg 200w, https://elsurti.com/wp-content/uploads/2020/07/431-lactancia-beneficios4-768x768.jpg 768w, https://elsurti.com/wp-content/uploads/2020/07/431-lactancia-beneficios4-150x150.jpg 150w" sizes="(max-width: 850px) 100vw, 850px" /></figure>
</div></div>
</div></div>



<div class="wp-block-group scroll-screen"><div class="wp-block-group__inner-container is-layout-flow wp-block-group-is-layout-flow">
<h3 class="has-text-align-center wp-block-heading">El mejor alimento&nbsp;</h3>



<p class="has-text-align-center">La leche materna es suficiente para el bebé durante los 6 primeros meses de vida (lactancia exclusiva). Después de ese periodo, el bebé debe seguir mamando hasta los 2 años y más, además de consumir otros alimentos.</p>
</div></div>



<div class="wp-block-group"><div class="wp-block-group__inner-container is-layout-flow wp-block-group-is-layout-flow">
<div class="wp-block-group scroll-screen"><div class="wp-block-group__inner-container is-layout-flow wp-block-group-is-layout-flow">
<figure class="wp-block-image size-large"><img decoding="async" width="850" height="850" src="https://elsurti.com/wp-content/uploads/2020/07/431-lactancia-beneficios5.jpg" alt="" class="wp-image-4322" srcset="https://elsurti.com/wp-content/uploads/2020/07/431-lactancia-beneficios5.jpg 850w, https://elsurti.com/wp-content/uploads/2020/07/431-lactancia-beneficios5-300x300.jpg 300w, https://elsurti.com/wp-content/uploads/2020/07/431-lactancia-beneficios5-200x200.jpg 200w, https://elsurti.com/wp-content/uploads/2020/07/431-lactancia-beneficios5-768x768.jpg 768w, https://elsurti.com/wp-content/uploads/2020/07/431-lactancia-beneficios5-150x150.jpg 150w" sizes="(max-width: 850px) 100vw, 850px" /></figure>
</div></div>
</div></div>



<div class="wp-block-group"><div class="wp-block-group__inner-container is-layout-flow wp-block-group-is-layout-flow">
<div class="wp-block-group scroll-screen"><div class="wp-block-group__inner-container is-layout-flow wp-block-group-is-layout-flow">
<h3 class="has-text-align-center wp-block-heading">Súper defensas para tu bebé</h3>



<p class="has-text-align-center">La niña o niño que mama está más protegido contra enfermedades. A través de la leche materna, la madre le pasa los anticuerpos que desarrolló a lo largo de su vida.&nbsp;</p>
</div></div>
</div></div>



<div class="wp-block-group"><div class="wp-block-group__inner-container is-layout-flow wp-block-group-is-layout-flow">
<div class="wp-block-group scroll-screen"><div class="wp-block-group__inner-container is-layout-flow wp-block-group-is-layout-flow">
<figure class="wp-block-image size-large"><img decoding="async" width="850" height="850" src="https://elsurti.com/wp-content/uploads/2020/07/431-lactancia-beneficios6.jpg" alt="" class="wp-image-4323" srcset="https://elsurti.com/wp-content/uploads/2020/07/431-lactancia-beneficios6.jpg 850w, https://elsurti.com/wp-content/uploads/2020/07/431-lactancia-beneficios6-300x300.jpg 300w, https://elsurti.com/wp-content/uploads/2020/07/431-lactancia-beneficios6-200x200.jpg 200w, https://elsurti.com/wp-content/uploads/2020/07/431-lactancia-beneficios6-768x768.jpg 768w, https://elsurti.com/wp-content/uploads/2020/07/431-lactancia-beneficios6-150x150.jpg 150w" sizes="(max-width: 850px) 100vw, 850px" /></figure>
</div></div>
</div></div>



<div class="wp-block-group"><div class="wp-block-group__inner-container is-layout-flow wp-block-group-is-layout-flow">
<div class="wp-block-group scroll-screen"><div class="wp-block-group__inner-container is-layout-flow wp-block-group-is-layout-flow">
<h3 class="has-text-align-center wp-block-heading">Reduce la mortalidad infantil&nbsp;</h3>



<p class="has-text-align-center">Según la OMS, la lactancia materna exclusiva reduce la mortalidad del lactante por enfermedades como diarrea o neumonía y ayuda a una recuperación más rápida.</p>
</div></div>
</div></div>



<div class="wp-block-group"><div class="wp-block-group__inner-container is-layout-flow wp-block-group-is-layout-flow">
<div class="wp-block-group scroll-screen"><div class="wp-block-group__inner-container is-layout-flow wp-block-group-is-layout-flow">
<figure class="wp-block-image size-large"><img loading="lazy" decoding="async" width="850" height="850" src="https://elsurti.com/wp-content/uploads/2020/07/431-lactancia-beneficios7.jpg" alt="" class="wp-image-4325" srcset="https://elsurti.com/wp-content/uploads/2020/07/431-lactancia-beneficios7.jpg 850w, https://elsurti.com/wp-content/uploads/2020/07/431-lactancia-beneficios7-300x300.jpg 300w, https://elsurti.com/wp-content/uploads/2020/07/431-lactancia-beneficios7-200x200.jpg 200w, https://elsurti.com/wp-content/uploads/2020/07/431-lactancia-beneficios7-768x768.jpg 768w, https://elsurti.com/wp-content/uploads/2020/07/431-lactancia-beneficios7-150x150.jpg 150w" sizes="(max-width: 850px) 100vw, 850px" /></figure>
</div></div>
</div></div>



<div class="wp-block-group"><div class="wp-block-group__inner-container is-layout-flow wp-block-group-is-layout-flow">
<div class="wp-block-group scroll-screen"><div class="wp-block-group__inner-container is-layout-flow wp-block-group-is-layout-flow">
<h3 class="has-text-align-center wp-block-heading">Mamis más sanas&nbsp;</h3>



<p class="has-text-align-center">Amamantar redunda en beneficios para la salud y el bienestar de la mujer. Reduce el riesgo de desarrollar cáncer de ovario y de mama.</p>
</div></div>
</div></div>



<div class="wp-block-group"><div class="wp-block-group__inner-container is-layout-flow wp-block-group-is-layout-flow">
<div class="wp-block-group scroll-screen"><div class="wp-block-group__inner-container is-layout-flow wp-block-group-is-layout-flow">
<figure class="wp-block-image size-large"><img loading="lazy" decoding="async" width="850" height="850" src="https://elsurti.com/wp-content/uploads/2020/07/431-lactancia-beneficios8.jpg" alt="" class="wp-image-4326" srcset="https://elsurti.com/wp-content/uploads/2020/07/431-lactancia-beneficios8.jpg 850w, https://elsurti.com/wp-content/uploads/2020/07/431-lactancia-beneficios8-300x300.jpg 300w, https://elsurti.com/wp-content/uploads/2020/07/431-lactancia-beneficios8-200x200.jpg 200w, https://elsurti.com/wp-content/uploads/2020/07/431-lactancia-beneficios8-768x768.jpg 768w, https://elsurti.com/wp-content/uploads/2020/07/431-lactancia-beneficios8-150x150.jpg 150w" sizes="(max-width: 850px) 100vw, 850px" /></figure>
</div></div>
</div></div>



<div class="wp-block-group scroll-screen"><div class="wp-block-group__inner-container is-layout-flow wp-block-group-is-layout-flow">
<h3 class="has-text-align-center wp-block-heading">Un vínculo único: el apego&nbsp;</h3>



<p class="has-text-align-center">La lactancia materna fortalece el apego, el vínculo afectivo entre madre e hijo. Esto hace que el niño sea mucho más seguro psicológica y emocionalmente.&nbsp;</p>
</div></div>



<div class="wp-block-group"><div class="wp-block-group__inner-container is-layout-flow wp-block-group-is-layout-flow">
<div class="wp-block-group scroll-screen"><div class="wp-block-group__inner-container is-layout-flow wp-block-group-is-layout-flow"></div></div>
</div></div>

<p>No solo es alimentación, defensa y salud del bebé, a la madres también le hace bien.</p>
