{"id":4370,"date":"2019-09-23T17:56:00","date_gmt":"2019-09-23T21:56:00","guid":{"rendered":"https:\/\/elsurti.com\/?post_type=scroll&#038;p=4370"},"modified":"2020-07-31T15:43:00","modified_gmt":"2020-07-31T19:43:00","slug":"el-desempleo-afecta-mas-a-las-mujeres","status":"publish","type":"scroll","link":"https:\/\/elsurti.com\/pt\/genero\/scroll\/2020\/07\/30\/el-desempleo-afecta-mas-a-las-mujeres\/","title":{"rendered":"El desempleo afecta m\u00e1s a las mujeres"},"content":{"rendered":"<div class=\"wp-block-group\"><div class=\"wp-block-group__inner-container is-layout-flow wp-block-group-is-layout-flow\">\n<div class=\"wp-block-group scroll-screen\"><div class=\"wp-block-group__inner-container is-layout-flow wp-block-group-is-layout-flow\">\n<p class=\"has-text-align-center\">Seg\u00fan la DGEEC, la tasa de desempleo afecta a un 6,8% de las mujeres frente al 4,9% de los hombres.\u00a0<\/p>\n<\/div><\/div>\n<\/div><\/div>\n\n\n\n<div class=\"wp-block-group\"><div class=\"wp-block-group__inner-container is-layout-flow wp-block-group-is-layout-flow\">\n<div class=\"wp-block-group scroll-screen\"><div class=\"wp-block-group__inner-container is-layout-flow wp-block-group-is-layout-flow\">\n<figure class=\"wp-block-image size-large\"><img fetchpriority=\"high\" decoding=\"async\" width=\"850\" height=\"470\" src=\"https:\/\/elsurti.com\/wp-content\/uploads\/2020\/07\/459-desempleo4.jpg\" alt=\"\" class=\"wp-image-4374\" srcset=\"https:\/\/elsurti.com\/wp-content\/uploads\/2020\/07\/459-desempleo4.jpg 850w, https:\/\/elsurti.com\/wp-content\/uploads\/2020\/07\/459-desempleo4-300x166.jpg 300w, https:\/\/elsurti.com\/wp-content\/uploads\/2020\/07\/459-desempleo4-768x425.jpg 768w\" sizes=\"(max-width: 850px) 100vw, 850px\" \/><\/figure>\n<\/div><\/div>\n<\/div><\/div>\n\n\n\n<div class=\"wp-block-group\"><div class=\"wp-block-group__inner-container is-layout-flow wp-block-group-is-layout-flow\">\n<div class=\"wp-block-group scroll-screen\"><div class=\"wp-block-group__inner-container is-layout-flow wp-block-group-is-layout-flow\">\n<p class=\"has-text-align-center\">Tambi\u00e9n la inactividad, entendida como la poblaci\u00f3n en edad de trabajar que no est\u00e1 trabajando ni buscando trabajo, las afecta m\u00e1s: 39,8% son mujeres y 11,5% hombres.\u00a0<\/p>\n<\/div><\/div>\n<\/div><\/div>\n\n\n\n<div class=\"wp-block-group\"><div class=\"wp-block-group__inner-container is-layout-flow wp-block-group-is-layout-flow\">\n<div class=\"wp-block-group scroll-screen\"><div class=\"wp-block-group__inner-container is-layout-flow wp-block-group-is-layout-flow\">\n<figure class=\"wp-block-image size-large\"><img decoding=\"async\" width=\"850\" height=\"620\" src=\"https:\/\/elsurti.com\/wp-content\/uploads\/2020\/07\/459-desempleo5.jpg\" alt=\"\" class=\"wp-image-4375\" srcset=\"https:\/\/elsurti.com\/wp-content\/uploads\/2020\/07\/459-desempleo5.jpg 850w, https:\/\/elsurti.com\/wp-content\/uploads\/2020\/07\/459-desempleo5-300x219.jpg 300w, https:\/\/elsurti.com\/wp-content\/uploads\/2020\/07\/459-desempleo5-768x560.jpg 768w\" sizes=\"(max-width: 850px) 100vw, 850px\" \/><\/figure>\n<\/div><\/div>\n<\/div><\/div>\n\n\n\n<div class=\"wp-block-group\"><div class=\"wp-block-group__inner-container is-layout-flow wp-block-group-is-layout-flow\">\n<div class=\"wp-block-group scroll-screen\"><div class=\"wp-block-group__inner-container is-layout-flow wp-block-group-is-layout-flow\">\n<p class=\"has-text-align-center\">\u00bfLas razones? M\u00e1s de la mitad de las mujeres se\u00f1alan que son \u00ablabores del hogar\u00bb y \u00abmotivos familiares\u00bb. Los hombres alegan razones como enfermedad, vejez o discapacidad.\u00a0<\/p>\n<\/div><\/div>\n<\/div><\/div>\n\n\n\n<div class=\"wp-block-group\"><div class=\"wp-block-group__inner-container is-layout-flow wp-block-group-is-layout-flow\">\n<div class=\"wp-block-group scroll-screen\"><div class=\"wp-block-group__inner-container is-layout-flow wp-block-group-is-layout-flow\">\n<figure class=\"wp-block-image size-large\"><img decoding=\"async\" width=\"850\" height=\"560\" src=\"https:\/\/elsurti.com\/wp-content\/uploads\/2020\/07\/459-desempleo6.jpg\" alt=\"\" class=\"wp-image-4376\" srcset=\"https:\/\/elsurti.com\/wp-content\/uploads\/2020\/07\/459-desempleo6.jpg 850w, https:\/\/elsurti.com\/wp-content\/uploads\/2020\/07\/459-desempleo6-300x198.jpg 300w, https:\/\/elsurti.com\/wp-content\/uploads\/2020\/07\/459-desempleo6-768x506.jpg 768w\" sizes=\"(max-width: 850px) 100vw, 850px\" \/><\/figure>\n<\/div><\/div>\n<\/div><\/div>\n\n\n\n<div class=\"wp-block-group\"><div class=\"wp-block-group__inner-container is-layout-flow wp-block-group-is-layout-flow\">\n<div class=\"wp-block-group scroll-screen\"><div class=\"wp-block-group__inner-container is-layout-flow wp-block-group-is-layout-flow\">\n<p class=\"has-text-align-center\">Las tareas de cuidado en el hogar son un obst\u00e1culo para que ellas estudien. Mientras el 26,2% de los hombres est\u00e1 inactivo por estudiar, apenas el 8,8% de las mujeres se dedica de forma exclusiva al estudio.\u00a0<\/p>\n<\/div><\/div>\n<\/div><\/div>\n\n\n\n<div class=\"wp-block-group\"><div class=\"wp-block-group__inner-container is-layout-flow wp-block-group-is-layout-flow\">\n<div class=\"wp-block-group scroll-screen\"><div class=\"wp-block-group__inner-container is-layout-flow wp-block-group-is-layout-flow\">\n<figure class=\"wp-block-image size-large\"><img loading=\"lazy\" decoding=\"async\" width=\"850\" height=\"460\" src=\"https:\/\/elsurti.com\/wp-content\/uploads\/2020\/07\/459-desempleo7.jpg\" alt=\"\" class=\"wp-image-4377\" srcset=\"https:\/\/elsurti.com\/wp-content\/uploads\/2020\/07\/459-desempleo7.jpg 850w, https:\/\/elsurti.com\/wp-content\/uploads\/2020\/07\/459-desempleo7-300x162.jpg 300w, https:\/\/elsurti.com\/wp-content\/uploads\/2020\/07\/459-desempleo7-768x416.jpg 768w\" sizes=\"(max-width: 850px) 100vw, 850px\" \/><\/figure>\n<\/div><\/div>\n<\/div><\/div>\n\n\n\n<div class=\"wp-block-group\"><div class=\"wp-block-group__inner-container is-layout-flow wp-block-group-is-layout-flow\">\n<div class=\"wp-block-group\"><div class=\"wp-block-group__inner-container is-layout-flow wp-block-group-is-layout-flow\">\n<div class=\"wp-block-group scroll-screen\"><div class=\"wp-block-group__inner-container is-layout-flow wp-block-group-is-layout-flow\">\n<p class=\"has-text-align-center\">La mayor responsabilidad del \u00abcuidado de la casa\u00bb recae en ellas: dedican m\u00e1s del doble de horas semanales al trabajo no remunerado en el hogar que los hombres.\u00a0<\/p>\n<\/div><\/div>\n<\/div><\/div>\n<\/div><\/div>\n\n\n\n<div class=\"wp-block-group\"><div class=\"wp-block-group__inner-container is-layout-flow wp-block-group-is-layout-flow\">\n<div class=\"wp-block-group scroll-screen\"><div class=\"wp-block-group__inner-container is-layout-flow wp-block-group-is-layout-flow\"><\/div><\/div>\n<\/div><\/div>","protected":false},"excerpt":{"rendered":"<p>Tienen menos trabajos formales y m\u00e1s tareas no remuneradas.<\/p>","protected":false},"author":5,"featured_media":4371,"template":"","tags":[],"fenomeno":[49],"tema":[55],"acf":[],"_links":{"self":[{"href":"https:\/\/elsurti.com\/pt\/wp-json\/wp\/v2\/scroll\/4370"}],"collection":[{"href":"https:\/\/elsurti.com\/pt\/wp-json\/wp\/v2\/scroll"}],"about":[{"href":"https:\/\/elsurti.com\/pt\/wp-json\/wp\/v2\/types\/scroll"}],"author":[{"embeddable":true,"href":"https:\/\/elsurti.com\/pt\/wp-json\/wp\/v2\/users\/5"}],"version-history":[{"count":6,"href":"https:\/\/elsurti.com\/pt\/wp-json\/wp\/v2\/scroll\/4370\/revisions"}],"predecessor-version":[{"id":4383,"href":"https:\/\/elsurti.com\/pt\/wp-json\/wp\/v2\/scroll\/4370\/revisions\/4383"}],"wp:featuredmedia":[{"embeddable":true,"href":"https:\/\/elsurti.com\/pt\/wp-json\/wp\/v2\/media\/4371"}],"wp:attachment":[{"href":"https:\/\/elsurti.com\/pt\/wp-json\/wp\/v2\/media?parent=4370"}],"wp:term":[{"taxonomy":"post_tag","embeddable":true,"href":"https:\/\/elsurti.com\/pt\/wp-json\/wp\/v2\/tags?post=4370"},{"taxonomy":"fenomeno","embeddable":true,"href":"https:\/\/elsurti.com\/pt\/wp-json\/wp\/v2\/fenomeno?post=4370"},{"taxonomy":"tema","embeddable":true,"href":"https:\/\/elsurti.com\/pt\/wp-json\/wp\/v2\/tema?post=4370"}],"curies":[{"name":"wp","href":"https:\/\/api.w.org\/{rel}","templated":true}]}}

El desempleo afecta más a las mujeres

<div class="wp-block-group"><div class="wp-block-group__inner-container is-layout-flow wp-block-group-is-layout-flow">
<div class="wp-block-group scroll-screen"><div class="wp-block-group__inner-container is-layout-flow wp-block-group-is-layout-flow">
<p class="has-text-align-center">Según la DGEEC, la tasa de desempleo afecta a un 6,8% de las mujeres frente al 4,9% de los hombres. </p>
</div></div>
</div></div>



<div class="wp-block-group"><div class="wp-block-group__inner-container is-layout-flow wp-block-group-is-layout-flow">
<div class="wp-block-group scroll-screen"><div class="wp-block-group__inner-container is-layout-flow wp-block-group-is-layout-flow">
<figure class="wp-block-image size-large"><img fetchpriority="high" decoding="async" width="850" height="470" src="https://elsurti.com/wp-content/uploads/2020/07/459-desempleo4.jpg" alt="" class="wp-image-4374" srcset="https://elsurti.com/wp-content/uploads/2020/07/459-desempleo4.jpg 850w, https://elsurti.com/wp-content/uploads/2020/07/459-desempleo4-300x166.jpg 300w, https://elsurti.com/wp-content/uploads/2020/07/459-desempleo4-768x425.jpg 768w" sizes="(max-width: 850px) 100vw, 850px" /></figure>
</div></div>
</div></div>



<div class="wp-block-group"><div class="wp-block-group__inner-container is-layout-flow wp-block-group-is-layout-flow">
<div class="wp-block-group scroll-screen"><div class="wp-block-group__inner-container is-layout-flow wp-block-group-is-layout-flow">
<p class="has-text-align-center">También la inactividad, entendida como la población en edad de trabajar que no está trabajando ni buscando trabajo, las afecta más: 39,8% son mujeres y 11,5% hombres. </p>
</div></div>
</div></div>



<div class="wp-block-group"><div class="wp-block-group__inner-container is-layout-flow wp-block-group-is-layout-flow">
<div class="wp-block-group scroll-screen"><div class="wp-block-group__inner-container is-layout-flow wp-block-group-is-layout-flow">
<figure class="wp-block-image size-large"><img decoding="async" width="850" height="620" src="https://elsurti.com/wp-content/uploads/2020/07/459-desempleo5.jpg" alt="" class="wp-image-4375" srcset="https://elsurti.com/wp-content/uploads/2020/07/459-desempleo5.jpg 850w, https://elsurti.com/wp-content/uploads/2020/07/459-desempleo5-300x219.jpg 300w, https://elsurti.com/wp-content/uploads/2020/07/459-desempleo5-768x560.jpg 768w" sizes="(max-width: 850px) 100vw, 850px" /></figure>
</div></div>
</div></div>



<div class="wp-block-group"><div class="wp-block-group__inner-container is-layout-flow wp-block-group-is-layout-flow">
<div class="wp-block-group scroll-screen"><div class="wp-block-group__inner-container is-layout-flow wp-block-group-is-layout-flow">
<p class="has-text-align-center">¿Las razones? Más de la mitad de las mujeres señalan que son «labores del hogar» y «motivos familiares». Los hombres alegan razones como enfermedad, vejez o discapacidad. </p>
</div></div>
</div></div>



<div class="wp-block-group"><div class="wp-block-group__inner-container is-layout-flow wp-block-group-is-layout-flow">
<div class="wp-block-group scroll-screen"><div class="wp-block-group__inner-container is-layout-flow wp-block-group-is-layout-flow">
<figure class="wp-block-image size-large"><img decoding="async" width="850" height="560" src="https://elsurti.com/wp-content/uploads/2020/07/459-desempleo6.jpg" alt="" class="wp-image-4376" srcset="https://elsurti.com/wp-content/uploads/2020/07/459-desempleo6.jpg 850w, https://elsurti.com/wp-content/uploads/2020/07/459-desempleo6-300x198.jpg 300w, https://elsurti.com/wp-content/uploads/2020/07/459-desempleo6-768x506.jpg 768w" sizes="(max-width: 850px) 100vw, 850px" /></figure>
</div></div>
</div></div>



<div class="wp-block-group"><div class="wp-block-group__inner-container is-layout-flow wp-block-group-is-layout-flow">
<div class="wp-block-group scroll-screen"><div class="wp-block-group__inner-container is-layout-flow wp-block-group-is-layout-flow">
<p class="has-text-align-center">Las tareas de cuidado en el hogar son un obstáculo para que ellas estudien. Mientras el 26,2% de los hombres está inactivo por estudiar, apenas el 8,8% de las mujeres se dedica de forma exclusiva al estudio. </p>
</div></div>
</div></div>



<div class="wp-block-group"><div class="wp-block-group__inner-container is-layout-flow wp-block-group-is-layout-flow">
<div class="wp-block-group scroll-screen"><div class="wp-block-group__inner-container is-layout-flow wp-block-group-is-layout-flow">
<figure class="wp-block-image size-large"><img loading="lazy" decoding="async" width="850" height="460" src="https://elsurti.com/wp-content/uploads/2020/07/459-desempleo7.jpg" alt="" class="wp-image-4377" srcset="https://elsurti.com/wp-content/uploads/2020/07/459-desempleo7.jpg 850w, https://elsurti.com/wp-content/uploads/2020/07/459-desempleo7-300x162.jpg 300w, https://elsurti.com/wp-content/uploads/2020/07/459-desempleo7-768x416.jpg 768w" sizes="(max-width: 850px) 100vw, 850px" /></figure>
</div></div>
</div></div>



<div class="wp-block-group"><div class="wp-block-group__inner-container is-layout-flow wp-block-group-is-layout-flow">
<div class="wp-block-group"><div class="wp-block-group__inner-container is-layout-flow wp-block-group-is-layout-flow">
<div class="wp-block-group scroll-screen"><div class="wp-block-group__inner-container is-layout-flow wp-block-group-is-layout-flow">
<p class="has-text-align-center">La mayor responsabilidad del «cuidado de la casa» recae en ellas: dedican más del doble de horas semanales al trabajo no remunerado en el hogar que los hombres. </p>
</div></div>
</div></div>
</div></div>



<div class="wp-block-group"><div class="wp-block-group__inner-container is-layout-flow wp-block-group-is-layout-flow">
<div class="wp-block-group scroll-screen"><div class="wp-block-group__inner-container is-layout-flow wp-block-group-is-layout-flow"></div></div>
</div></div>

<p>Tienen menos trabajos formales y más tareas no remuneradas.</p>
