{"id":8542,"date":"2020-10-20T13:30:42","date_gmt":"2020-10-20T17:30:42","guid":{"rendered":"https:\/\/elsurti.com\/?post_type=scroll&#038;p=8542"},"modified":"2020-10-20T13:38:10","modified_gmt":"2020-10-20T17:38:10","slug":"la-discriminacion-en-horario-estelar","status":"publish","type":"scroll","link":"https:\/\/elsurti.com\/pt\/soberanas\/scroll\/2020\/10\/20\/la-discriminacion-en-horario-estelar\/","title":{"rendered":"La discriminaci\u00f3n en horario estelar"},"content":{"rendered":"<div class=\"wp-block-group scroll-screen\"><div class=\"wp-block-group__inner-container is-layout-flow wp-block-group-is-layout-flow\">\n<p class=\"has-text-align-center\">El conductor de un programa dice que una ex modelo \u201cse dedic\u00f3 toda su vida a la profesi\u00f3n m\u00e1s antigua del mundo\u201d.<\/p>\n<\/div><\/div>\n\n\n\n<div class=\"wp-block-group\"><div class=\"wp-block-group__inner-container is-layout-flow wp-block-group-is-layout-flow\">\n<div class=\"wp-block-group scroll-screen\"><div class=\"wp-block-group__inner-container is-layout-flow wp-block-group-is-layout-flow\">\n<div class=\"wp-block-image\"><figure class=\"aligncenter size-large\"><img fetchpriority=\"high\" decoding=\"async\" width=\"850\" height=\"560\" src=\"https:\/\/elsurti.com\/wp-content\/uploads\/2020\/10\/scroll5.jpg\" alt=\"\" class=\"wp-image-8549\" srcset=\"https:\/\/elsurti.com\/wp-content\/uploads\/2020\/10\/scroll5.jpg 850w, https:\/\/elsurti.com\/wp-content\/uploads\/2020\/10\/scroll5-300x198.jpg 300w, https:\/\/elsurti.com\/wp-content\/uploads\/2020\/10\/scroll5-768x506.jpg 768w\" sizes=\"(max-width: 850px) 100vw, 850px\" \/><\/figure><\/div>\n\n\n\n<div class=\"wp-block-group\"><div class=\"wp-block-group__inner-container is-layout-flow wp-block-group-is-layout-flow\">\n<div class=\"wp-block-group scroll-screen\"><div class=\"wp-block-group__inner-container is-layout-flow wp-block-group-is-layout-flow\">\n<p class=\"has-text-align-center\">Un panel integrado por personas cisg\u00e9nero (que se identifican con su sexo asignado al nacer) hace comentarios sarc\u00e1sticos y ridiculiza un intento de transfemicidio.<\/p>\n<\/div><\/div>\n\n\n\n<div class=\"wp-block-group\"><div class=\"wp-block-group__inner-container is-layout-flow wp-block-group-is-layout-flow\">\n<div class=\"wp-block-group scroll-screen\"><div class=\"wp-block-group__inner-container is-layout-flow wp-block-group-is-layout-flow\">\n<div class=\"wp-block-image\"><figure class=\"aligncenter size-large\"><img decoding=\"async\" width=\"850\" height=\"560\" src=\"https:\/\/elsurti.com\/wp-content\/uploads\/2020\/10\/scroll6.jpg\" alt=\"\" class=\"wp-image-8554\" srcset=\"https:\/\/elsurti.com\/wp-content\/uploads\/2020\/10\/scroll6.jpg 850w, https:\/\/elsurti.com\/wp-content\/uploads\/2020\/10\/scroll6-300x198.jpg 300w, https:\/\/elsurti.com\/wp-content\/uploads\/2020\/10\/scroll6-768x506.jpg 768w\" sizes=\"(max-width: 850px) 100vw, 850px\" \/><\/figure><\/div>\n\n\n\n<div class=\"wp-block-group\"><div class=\"wp-block-group__inner-container is-layout-flow wp-block-group-is-layout-flow\">\n<div class=\"wp-block-group scroll-screen\"><div class=\"wp-block-group__inner-container is-layout-flow wp-block-group-is-layout-flow\">\n<p class=\"has-text-align-center\">Conductores tratan de \u201cterroristas\u201d a activistas feministas y defensoras de derechos humanos.<\/p>\n<\/div><\/div>\n\n\n\n<div class=\"wp-block-group\"><div class=\"wp-block-group__inner-container is-layout-flow wp-block-group-is-layout-flow\">\n<div class=\"wp-block-group scroll-screen\"><div class=\"wp-block-group__inner-container is-layout-flow wp-block-group-is-layout-flow\">\n<div class=\"wp-block-image\"><figure class=\"aligncenter size-large\"><img decoding=\"async\" width=\"850\" height=\"560\" src=\"https:\/\/elsurti.com\/wp-content\/uploads\/2020\/10\/scroll7.jpg\" alt=\"\" class=\"wp-image-8559\" srcset=\"https:\/\/elsurti.com\/wp-content\/uploads\/2020\/10\/scroll7.jpg 850w, https:\/\/elsurti.com\/wp-content\/uploads\/2020\/10\/scroll7-300x198.jpg 300w, https:\/\/elsurti.com\/wp-content\/uploads\/2020\/10\/scroll7-768x506.jpg 768w\" sizes=\"(max-width: 850px) 100vw, 850px\" \/><\/figure><\/div>\n\n\n\n<div class=\"wp-block-group\"><div class=\"wp-block-group__inner-container is-layout-flow wp-block-group-is-layout-flow\">\n<div class=\"wp-block-group scroll-screen\"><div class=\"wp-block-group__inner-container is-layout-flow wp-block-group-is-layout-flow\">\n<p class=\"has-text-align-center\">Pese a que existe la ley sobre la violencia contra la mujer, no existen leyes de identidad de g\u00e9nero y contra toda forma de discriminaci\u00f3n que protejan a las minor\u00edas del discurso de odio.<\/p>\n<\/div><\/div>\n\n\n\n<div class=\"wp-block-group\"><div class=\"wp-block-group__inner-container is-layout-flow wp-block-group-is-layout-flow\">\n<div class=\"wp-block-group scroll-screen\"><div class=\"wp-block-group__inner-container is-layout-flow wp-block-group-is-layout-flow\">\n<figure class=\"wp-block-image size-large\"><img loading=\"lazy\" decoding=\"async\" width=\"850\" height=\"560\" src=\"https:\/\/elsurti.com\/wp-content\/uploads\/2020\/10\/scroll8.jpg\" alt=\"\" class=\"wp-image-8566\" srcset=\"https:\/\/elsurti.com\/wp-content\/uploads\/2020\/10\/scroll8.jpg 850w, https:\/\/elsurti.com\/wp-content\/uploads\/2020\/10\/scroll8-300x198.jpg 300w, https:\/\/elsurti.com\/wp-content\/uploads\/2020\/10\/scroll8-768x506.jpg 768w\" sizes=\"(max-width: 850px) 100vw, 850px\" \/><\/figure>\n<\/div><\/div>\n<\/div><\/div>\n\n\n\n<div class=\"wp-block-group\"><div class=\"wp-block-group__inner-container is-layout-flow wp-block-group-is-layout-flow\">\n<div class=\"wp-block-group scroll-screen\"><div class=\"wp-block-group__inner-container is-layout-flow wp-block-group-is-layout-flow\"><\/div><\/div>\n<\/div><\/div>\n<\/div><\/div>\n<\/div><\/div>\n<\/div><\/div>\n<\/div><\/div>\n<\/div><\/div>\n<\/div><\/div>\n<\/div><\/div>\n<\/div><\/div>\n<\/div><\/div>","protected":false},"excerpt":{"rendered":"<p>La violencia simb\u00f3lica son mensajes, s\u00edmbolos, \u00edconos y signos que  reproducen y naturalizan  la discriminaci\u00f3n y la subordinaci\u00f3n de las mujeres. Ocurre cuando:<\/p>","protected":false},"author":9,"featured_media":8543,"template":"","tags":[],"fenomeno":[49],"tema":[],"acf":[],"_links":{"self":[{"href":"https:\/\/elsurti.com\/pt\/wp-json\/wp\/v2\/scroll\/8542"}],"collection":[{"href":"https:\/\/elsurti.com\/pt\/wp-json\/wp\/v2\/scroll"}],"about":[{"href":"https:\/\/elsurti.com\/pt\/wp-json\/wp\/v2\/types\/scroll"}],"author":[{"embeddable":true,"href":"https:\/\/elsurti.com\/pt\/wp-json\/wp\/v2\/users\/9"}],"version-history":[{"count":21,"href":"https:\/\/elsurti.com\/pt\/wp-json\/wp\/v2\/scroll\/8542\/revisions"}],"predecessor-version":[{"id":8570,"href":"https:\/\/elsurti.com\/pt\/wp-json\/wp\/v2\/scroll\/8542\/revisions\/8570"}],"wp:featuredmedia":[{"embeddable":true,"href":"https:\/\/elsurti.com\/pt\/wp-json\/wp\/v2\/media\/8543"}],"wp:attachment":[{"href":"https:\/\/elsurti.com\/pt\/wp-json\/wp\/v2\/media?parent=8542"}],"wp:term":[{"taxonomy":"post_tag","embeddable":true,"href":"https:\/\/elsurti.com\/pt\/wp-json\/wp\/v2\/tags?post=8542"},{"taxonomy":"fenomeno","embeddable":true,"href":"https:\/\/elsurti.com\/pt\/wp-json\/wp\/v2\/fenomeno?post=8542"},{"taxonomy":"tema","embeddable":true,"href":"https:\/\/elsurti.com\/pt\/wp-json\/wp\/v2\/tema?post=8542"}],"curies":[{"name":"wp","href":"https:\/\/api.w.org\/{rel}","templated":true}]}}

La discriminación en horario estelar

<div class="wp-block-group scroll-screen"><div class="wp-block-group__inner-container is-layout-flow wp-block-group-is-layout-flow">
<p class="has-text-align-center">El conductor de un programa dice que una ex modelo “se dedicó toda su vida a la profesión más antigua del mundo”.</p>
</div></div>



<div class="wp-block-group"><div class="wp-block-group__inner-container is-layout-flow wp-block-group-is-layout-flow">
<div class="wp-block-group scroll-screen"><div class="wp-block-group__inner-container is-layout-flow wp-block-group-is-layout-flow">
<div class="wp-block-image"><figure class="aligncenter size-large"><img fetchpriority="high" decoding="async" width="850" height="560" src="https://elsurti.com/wp-content/uploads/2020/10/scroll5.jpg" alt="" class="wp-image-8549" srcset="https://elsurti.com/wp-content/uploads/2020/10/scroll5.jpg 850w, https://elsurti.com/wp-content/uploads/2020/10/scroll5-300x198.jpg 300w, https://elsurti.com/wp-content/uploads/2020/10/scroll5-768x506.jpg 768w" sizes="(max-width: 850px) 100vw, 850px" /></figure></div>



<div class="wp-block-group"><div class="wp-block-group__inner-container is-layout-flow wp-block-group-is-layout-flow">
<div class="wp-block-group scroll-screen"><div class="wp-block-group__inner-container is-layout-flow wp-block-group-is-layout-flow">
<p class="has-text-align-center">Un panel integrado por personas cisgénero (que se identifican con su sexo asignado al nacer) hace comentarios sarcásticos y ridiculiza un intento de transfemicidio.</p>
</div></div>



<div class="wp-block-group"><div class="wp-block-group__inner-container is-layout-flow wp-block-group-is-layout-flow">
<div class="wp-block-group scroll-screen"><div class="wp-block-group__inner-container is-layout-flow wp-block-group-is-layout-flow">
<div class="wp-block-image"><figure class="aligncenter size-large"><img decoding="async" width="850" height="560" src="https://elsurti.com/wp-content/uploads/2020/10/scroll6.jpg" alt="" class="wp-image-8554" srcset="https://elsurti.com/wp-content/uploads/2020/10/scroll6.jpg 850w, https://elsurti.com/wp-content/uploads/2020/10/scroll6-300x198.jpg 300w, https://elsurti.com/wp-content/uploads/2020/10/scroll6-768x506.jpg 768w" sizes="(max-width: 850px) 100vw, 850px" /></figure></div>



<div class="wp-block-group"><div class="wp-block-group__inner-container is-layout-flow wp-block-group-is-layout-flow">
<div class="wp-block-group scroll-screen"><div class="wp-block-group__inner-container is-layout-flow wp-block-group-is-layout-flow">
<p class="has-text-align-center">Conductores tratan de “terroristas” a activistas feministas y defensoras de derechos humanos.</p>
</div></div>



<div class="wp-block-group"><div class="wp-block-group__inner-container is-layout-flow wp-block-group-is-layout-flow">
<div class="wp-block-group scroll-screen"><div class="wp-block-group__inner-container is-layout-flow wp-block-group-is-layout-flow">
<div class="wp-block-image"><figure class="aligncenter size-large"><img decoding="async" width="850" height="560" src="https://elsurti.com/wp-content/uploads/2020/10/scroll7.jpg" alt="" class="wp-image-8559" srcset="https://elsurti.com/wp-content/uploads/2020/10/scroll7.jpg 850w, https://elsurti.com/wp-content/uploads/2020/10/scroll7-300x198.jpg 300w, https://elsurti.com/wp-content/uploads/2020/10/scroll7-768x506.jpg 768w" sizes="(max-width: 850px) 100vw, 850px" /></figure></div>



<div class="wp-block-group"><div class="wp-block-group__inner-container is-layout-flow wp-block-group-is-layout-flow">
<div class="wp-block-group scroll-screen"><div class="wp-block-group__inner-container is-layout-flow wp-block-group-is-layout-flow">
<p class="has-text-align-center">Pese a que existe la ley sobre la violencia contra la mujer, no existen leyes de identidad de género y contra toda forma de discriminación que protejan a las minorías del discurso de odio.</p>
</div></div>



<div class="wp-block-group"><div class="wp-block-group__inner-container is-layout-flow wp-block-group-is-layout-flow">
<div class="wp-block-group scroll-screen"><div class="wp-block-group__inner-container is-layout-flow wp-block-group-is-layout-flow">
<figure class="wp-block-image size-large"><img loading="lazy" decoding="async" width="850" height="560" src="https://elsurti.com/wp-content/uploads/2020/10/scroll8.jpg" alt="" class="wp-image-8566" srcset="https://elsurti.com/wp-content/uploads/2020/10/scroll8.jpg 850w, https://elsurti.com/wp-content/uploads/2020/10/scroll8-300x198.jpg 300w, https://elsurti.com/wp-content/uploads/2020/10/scroll8-768x506.jpg 768w" sizes="(max-width: 850px) 100vw, 850px" /></figure>
</div></div>
</div></div>



<div class="wp-block-group"><div class="wp-block-group__inner-container is-layout-flow wp-block-group-is-layout-flow">
<div class="wp-block-group scroll-screen"><div class="wp-block-group__inner-container is-layout-flow wp-block-group-is-layout-flow"></div></div>
</div></div>
</div></div>
</div></div>
</div></div>
</div></div>
</div></div>
</div></div>
</div></div>
</div></div>
</div></div>

<p>La violencia simbólica son mensajes, símbolos, íconos y signos que  reproducen y naturalizan  la discriminación y la subordinación de las mujeres. Ocurre cuando:</p>
